3
Calculate the remainder when 3422 is divided by 1345.
732
Calculate the remainder when 15175 is divided by 241.
233
What is the remainder when 194722 is divided by 881?
21
What is the remainder when 437523 is divided by 404?
395
Calculate the remainder when 1173 is divided by 723.
450
What is the remainder when 10269 is divided by 10219?
50
Calculate the remainder when 6044 is divided by 195.
194
Calculate the remainder when 27260 is divided by 284.
280
What is the remainder when 15184 is divided by 97?
52
Calculate the remainder when 64065 is divided by 10.
5
Calculate the remainder when 26969 is divided by 6.
5
What is the remainder when 13372 is divided by 3333?
40
What is the remainder when 18426 is divided by 3682?
16
Calculate the remainder when 7260 is divided by 7240.
20
Calculate the remainder when 32859 is divided by 10953.
0
Calculate the remainder when 1178 is divided by 200.
178
What is the remainder when 618 is divided by 8?
2
What is the remainder when 24198 is divided by 10?
8
Calculate the remainder when 434273 is divided by 482.
473
What is the remainder when 5240 is divided by 82?
74
Calculate the remainder when 1214 is divided by 1206.
8
What is the remainder when 4316 is divided by 1242?
590
What is the remainder when 1492772 is divided by 73?
68
Calculate the remainder when 4511 is divided by 750.
11
What is the remainder when 74791 is divided by 74754?
37
Calculate the remainder when 2878 is divided by 11.
7
Calculate the remainder when 167325 is divided by 259.
11
What is the remainder when 547898 is divided by 10?
8
Calculate the remainder when 5283 is divided by 314.
259
What is the remainder when 23921 is divided by 9?
8
Calculate the remainder when 6890 is divided by 53.
0
Calculate the remainder when 12231 is divided by 39.
24
What is the remainder when 315769 is divided by 331?
326
What is the remainder when 1248 is divided by 255?
228
What is the remainder when 14020 is divided by 609?
13
What is the remainder when 111444 is divided by 10?
4
What is the remainder when 12492 is divided by 172?
108
What is the remainder when 17888 is divided by 365?
3
What is the remainder when 4899 is divided by 1209?
63
Calculate the remainder when 1261655 is divided by 1219.
1209
What is the remainder when 10491 is divided by 2616?
27
Calculate the remainder when 28627 is divided by 668.
571
Calculate the remainder when 721069 is divided by 24.
13
What is the remainder when 240256 is divided by 164?
160
Calculate the remainder when 3309 is divided by 697.
521
Calculate the remainder when 425608 is divided by 49.
43
What is the remainder when 2094 is divided by 162?
150
What is the remainder when 47543 is divided by 12?
11
What is the remainder when 12177 is divided by 935?
22
What is the remainder when 1135 is divided by 215?
60
Calculate the remainder when 436259 is divided by 18176.
35
What is the remainder when 55752 is divided by 315?
312
What is the remainder when 6566 is divided by 2084?
314
Calculate the remainder when 79996 is divided by 128.
124
What is the remainder when 23696 is divided by 944?
96
What is the remainder when 804 is divided by 187?
56
Calculate the remainder when 1370 is divided by 277.
262
Calculate the remainder when 2808 is divided by 1267.
274
Calculate the remainder when 1097956 is divided by 93.
91
Calculate the remainder when 23487 is divided by 21.
9
Calculate the remainder when 26961 is divided by 596.
141
What is the remainder when 299893 is divided by 77?
55
What is the remainder when 16323 is divided by 832?
515
Calculate the remainder when 7432 is divided by 2412.
196
Calculate the remainder when 41893 is divided by 9985.
1953
Calculate the remainder when 2152 is divided by 220.
172
What is the remainder when 15925 is divided by 5294?
43
What is the remainder when 13343 is divided by 6671?
1
What is the remainder when 37359 is divided by 334?
285
What is the remainder when 32426 is divided by 138?
134
Calculate the remainder when 18349 is divided by 9169.
11
Calculate the remainder when 124825 is divided by 20794.
61
Calculate the remainder when 22379 is divided by 55.
49
What is the remainder when 82 is divided by 22?
16
Calculate the remainder when 95605 is divided by 10622.
7
Calculate the remainder when 374 is divided by 14.
10
What is the remainder when 342367 is divided by 23?
12
Calculate the remainder when 4674 is divided by 659.
61
What is the remainder when 123039 is divided by 41010?
9
Calculate the remainder when 26196 is divided by 391.
390
Calculate the remainder when 29384 is divided by 44.
36
What is the remainder when 11850 is divided by 1646?
328
What is the remainder when 21369 is divided by 436?
5
Calculate the remainder when 15704 is divided by 302.
0
What is the remainder when 560086 is divided by 50?
36
What is the remainder when 1653 is divided by 282?
243
Calculate the remainder when 277729 is divided by 436.
433
Calculate the remainder when 124842 is divided by 459.
453
Calculate the remainder when 11767 is divided by 5276.
1215
Calculate the remainder when 101457 is divided by 33816.
9
Calculate the remainder when 423234 is divided by 40.
34
What is the remainder when 23507 is divided by 1807?
16
What is the remainder when 130013 is divided by 130005?
8
What is the remainder when 2929 is divided by 2556?
373
What is the remainder when 1465738 is divided by 51?
49
Calculate the remainder when 1949707 is divided by 197.
195
What is the remainder when 631 is divided by 609?
22
Calculate the remainder when 362 is divided by 43.
18
Calculate the remainder when 54309 is divided by 233.
20
Calculate the remainder when 1357 is divided by 117.
70
What is the remainder when 63176 is divided by 323?
191
Calculate the remainder when 1139847 is divided by 9.
6
What is the remainder when 12233 is divided by 12226?
7
What is the remainder when 7912 is divided by 439?
10
Calculate the remainder when 1115 is divided by 456.
203
What is the remainder when 887 is divided by 143?
29
Calculate the remainder when 14633 is divided by 732.
725
What is the remainder when 50588 is divided by 12640?
28
Calculate the remainder when 17377 is divided by 712.
289
What is the remainder when 1094 is divided by 154?
16
Calculate the remainder when 66726 is divided by 642.
600
What is the remainder when 699 is divided by 245?
209
What is the remainder when 12493 is divided by 255?
253
What is the remainder when 35945 is divided by 1993?
71
What is the remainder when 94919 is divided by 879?
866
Calculate the remainder when 3759579 is divided by 127.
125
Calculate the remainder when 78951 is divided by 102.
3
What is the remainder when 2077 is divided by 312?
205
Calculate the remainder when 313197 is divided by 9.
6
Calculate the remainder when 201809 is divided by 77.
69
Calculate the remainder when 26548 is divided by 271.
261
Calculate the remainder when 368 is divided by 48.
32
Calculate the remainder when 11207 is divided by 244.
227
What is the remainder when 1729 is divided by 188?
37
Calculate the remainder when 5187 is divided by 432.
3
What is the remainder when 20108 is divided by 149?
142
What is the remainder when 94719 is divided by 47341?
37
What is the remainder when 1497 is divided by 280?
97
What is the remainder when 116812 is divided by 905?
67
Calculate the remainder when 39934 is divided by 88.
70
Calculate the remainder when 120997 is divided by 44.
41
What is the remainder when 23117 is divided by 23?
2
Calculate the remainder when 62796 is divided by 519.
516
Calculate the remainder when 115957 is divided by 40.
37
Calculate the remainder when 119734 is divided by 151.
142
Calculate the remainder when 10071 is divided by 5.
1
Calculate the remainder when 17967 is divided by 17806.
161
What is the remainder when 186137 is divided by 1017?
26
Calculate the remainder when 25402 is divided by 5.
2
Calculate the remainder when 2814 is divided by 64.
62
What is the remainder when 34587 is divided by 82?
65
Calculate the remainder when 29588 is divided by 55.
53
Calculate the remainder when 31257 is divided by 418.
325
Calculate the remainder when 5129 is divided by 839.
95
What is the remainder when 18639 is divided by 3690?
189
What is the remainder when 2777 is divided b